tens digit of 108853954?
5
What is the ten thousands digit of 718325410?
2
What is the hundred thousands digit of 385026515?
0
What is the thousands digit of 12524059?
4
What is the ten thousands digit of 538637709?
3
What is the units digit of 861451201?
1
What is the hundred thousands digit of 218457003?
4
What is the hundred thousands digit of 5244364?
2
What is the ten thousands digit of 162115948?
1
What is the hundred millions digit of 4791583857?
7
What is the units digit of 106666176?
6
What is the millions digit of 23626198?
3
What is the hundreds digit of 16203297?
2
What is the hundreds digit of 403931518?
5
What is the ten thousands digit of 1716693473?
9
What is the millions digit of 382699237?
2
What is the ten thousands digit of 53724975?
2
What is the ten thousands digit of 670146045?
4
What is the hundreds digit of 38579197?
1
What is the hundreds digit of 279204686?
6
What is the billions digit of 3694231361?
3
What is the hundred millions digit of 1659911320?
6
What is the tens digit of 78459843?
4
What is the thousands digit of 191845786?
5
What is the hundreds digit of 316722771?
7
What is the thousands digit of 22141885?
1
What is the hundred millions digit of 3455007490?
4
What is the hundreds digit of 59430613?
6
What is the hundred thousands digit of 4014502584?
5
What is the hundred thousands digit of 807500786?
5
What is the ten millions digit of 1219946457?
1
What is the units digit of 866038692?
2
What is the hundreds digit of 43046286?
2
What is the thousands digit of 13197261?
7
What is the tens digit of 260371891?
9
What is the ten thousands digit of 105869860?
6
What is the ten thousands digit of 1281993954?
9
What is the tens digit of 300063486?
8
What is the hundreds digit of 1892824150?
1
What is the millions digit of 268680463?
8
What is the hundreds digit of 2026285?
2
What is the ten thousands digit of 629831367?
3
What is the billions digit of 1101341847?
1
What is the ten millions digit of 78966249?
7
What is the hundreds digit of 8391143?
1
What is the tens digit of 11569748?
4
What is the hundreds digit of 93185020?
0
What is the millions digit of 300122332?
0
What is the ten thousands digit of 1811579065?
7
What is the tens digit of 129909928?
2
What is the hundred millions digit of 1924531660?
9
What is the units digit of 48486998?
8
What is the hundred millions digit of 292245029?
2
What is the tens digit of 82805365?
6
What is the thousands digit of 152237893?
7
What is the hundred millions digit of 3766836214?
7
What is the tens digit of 129674429?
2
What is the ten thousands digit of 5200697535?
9
What is the tens digit of 269280558?
5
What is the ten thousands digit of 25072207?
7
What is the units digit of 772737305?
5
What is the ten thousands digit of 78248212?
4
What is the ten millions digit of 679909533?
7
What is the hundred thousands digit of 15857472?
8
What is the hundred millions digit of 1701194330?
7
What is the millions digit of 239107947?
9
What is the ten millions digit of 1846958172?
4
What is the tens digit of 1204229578?
7
What is the hundred thousands digit of 140882024?
8
What is the tens digit of 21737407?
0
What is the hundred thousands digit of 699143978?
1
What is the units digit of 26183314?
4
What is the tens digit of 343758226?
2
What is the hundred thousands digit of 151187119?
1
What is the hundreds digit of 169599483?
4
What is the ten millions digit of 623595215?
2
What is the ten millions digit of 309787302?
0
What is the thousands digit of 713760114?
0
What is the hundreds digit of 26786377?
3
What is the tens digit of 132841640?
4
What is the thousands digit of 65601192?
1
What is the millions digit of 154455741?
4
What is the units digit of 91156316?
6
What is the hundred thousands digit of 52790075?
7
What is the millions digit of 335306048?
5
What is the millions digit of 3112259574?
2
What is the hundred thousands digit of 47344978?
3
What is the units digit of 167708875?
5
What is the tens digit of 128200091?
9
What is the units digit of 99041760?
0
What is the ten thousands digit of 253868209?
6
What is the millions digit of 124683897?
4
What is the ten thousands digit of 8082394?
8
What is the billions digit of 1612382396?
1
What is the hundred thousands digit of 58219186?
2
What is the ten thousands digit of 432148855?
4
What is the units digit of 2325817114?
4
What is the hundred millions digit of 344182666?
3
What is the millions digit of 5740877594?
0
What is the ten thousands digit of 1060148285?
4
What is the tens digit of 33063770?
7
What is the billions digit of 1535674397?
1
What is the millions digit of 40039306?
0
What is the units digit of 5698256?
6
What is the hundred millions digit of 386261382?
3
What is the hundred thousands digit of 478048071?
0
What is the hundreds digit of 150710088?
0
What is the hundred thousands digit of 92593391?
5
What is the ten thousands digit of 72941223?
4
What is the tens digit of 79743159?
5
What is the ten thousands digit of 88570054?
7
What is the units digit of 183817316?
6
What is the millions digit of 598340884?
8
What is the hundred millions digit of 1060772642?
0
What is the hundred thousands digit of 88864350?
8
What is the units digit of 502886990?
0
What is the units digit of 192904704?
4
What is the units digit of 44571833?
3
What is the millions digit of 99733178?
9
What is the ten thousands digit of 14908145?
0
What is the tens digit of 773333143?
4
What is the units digit of 346673986?
6
What is the hundreds digit of 73935785?
7
What is the thousands digit of 8982696207?
6
What is the ten millions digit of 237070675?
3
What is the hundred millions digit of 198120220?
1
What is the millions digit of 165582839?
5
What is the thousands digit of 2538914873?
4
What is the ten thousands digit of 29377054?
7
What is the millions digit of 53276181?
3
What is the millions digit of 190965150?
0
What is the thousands digit of 37337680?
7
What is the hundred thousands digit of 859403357?
4
What is the units digit of 335444529?
9
What is the units digit of 49934839?
9
What is the thousands digit of 29133544?
3
What is the hundred thousands digit of 250670265?
6
What is the hundreds digit of 43981491?
4
What is the hundreds digit of 124844391?
3
What is the ten thousands digit of 576739640?
3
What is the units digit of 61574541?
1
What is the ten thousands digit of 3202882?
0
What is the units digit of 282337976?
6
What is the hundred millions digit of 119926491?
1
What is the millions digit of 76159081?
6
What is the hundred thousands digit of 3543604890?
6
What is the hundreds digit of 1920238511?
5
What is the millions digit of 352299050?
2
What is the hundreds digit of 983471?
4
What is the billions digit of 6236439994?
6
What is the hundreds digit of 386206666?
6
What is the ten millions digit of 3076642022?
7
What is the hundred millions digit of 509184920?
5
What is the units digit of 165710942?
2
What is the ten thousands digit of 46336826?
3
What is the thousands digit of 6922631?
2
What is the hundreds digit of 191284663?
6
What is the billions digit of 5489847942?
5
What is the tens digit of 141635133?
3
What is the hundreds digit of 117802590?
5
What is the millions digit of 389633120?
9
What is the millions digit of 2547547616?
7
What is the hundreds digit of 1736105256?
2
What is the hundred thousands digit of 19540322?
5
What is the thousands digit of 50682926?
2
What is the hundreds digit of 181302660?
6
What is the ten millions digit of 558106943?
5
What is the millions digit of 70144568?
0
What is the millions digit of 590336726?
0
What is the hundreds digit of 5688621?
6
What is the units digit of 85862904?
4
What is the units digit of 15289362?
2
What is the hundred thousands digit of 20621894?
6
What is the ten millions digit of 10929826?
1
What is the millions digit of 150723119?
0
What is the units digit of 3045662380?
0
What is the ten millions digit of 168781718?
6
What is the hundred thousands digit of 335718225?
7
What is the tens digit of 10114522?
2
What is the hundred thousands digit of 4215000?
2
What is the ten thousands digit of 282853174?
5
What is the thousands digit of 73815064?
5
What is the ten millions digit of 2052589990?
5
What is the millions digit of 23006208